 - 3. Suppose 4 = -g - g. What is the remainder when q(g) is divided by d?
5
Let c = 227 - 214. Calculate the remainder when 62 is divided by c.
10
Let i be 2/(-6) - (-32)/(-12). What is the remainder when 0 - (0 - i) - -108 is divided by 27?
24
Let a(b) = -b**2 - 15*b + 10. Suppose -2*f - 10 - 12 = 0. Calculate the remainder when a(f) is divided by 19.
16
Let g(i) = i**3 + 13*i**2 + 13*i + 17. Let x = -10 - -23. What is the remainder when x is divided by g(-12)?
3
Suppose 17*n = n + 320. What is the remainder when 95 is divided by n?
15
Let f(q) = 7*q**2 - 2. Let s = -2 - -4. Let w be f(s). Let m = -10 + w. What is the remainder when 30 is divided by m?
14
Suppose -20 = -5*a + 7*a. Let h be (-85)/(-3) - (-4)/6. Let o = h - a. Calculate the remainder when o is divided by 10.
9
Let j = -5 - -19. What is the remainder when 50 is divided by j?
8
Calculate the remainder when -1 - -36 - (2 + 0) is divided by -2*(0 + 1 + -10).
15
Let i(t) = -t**3 - 5*t**2 - 10*t + 20. What is the remainder when i(-6) is divided by 13?
12
What is the remainder when 10 is divided by -2 + -1 + 2 + 4?
1
Let f(u) = u**3 + 5*u**2 - u - 7. Let t(s) = 6*s + 8. What is the remainder when t(7) is divided by f(-4)?
11
Suppose -5 = 2*z - 7. What is the remainder when (520/16)/(z/2) is divided by 34?
31
Suppose 0 = 4*h - v - 164, 5*v - 14 - 46 = -2*h. Suppose 9*t - 6*t = 24. Suppose -t = -g + 6. Calculate the remainder when h is divided by g.
12
Let p(m) = -m**2 - 6*m + 4. Suppose -28 = 4*t - 5*w - 4, 5*w = 0. Calculate the remainder when p(t) is divided by 3.
1
Suppose -f - 12 = -28. What is the remainder when 30 is divided by f?
14
Suppose 4*w - 81 = 11. Calculate the remainder when w is divided by 30/(-25)*(-30)/4 + -3.
5
Let t = 7 - 3. Suppose o + o - 114 = 0. Suppose -t*b + o = -b. Calculate the remainder when 36 is divided by b.
17
Suppose 4*u - 4*g = 252, 0*u + 303 = 5*u - g. What is the remainder when u is divided by 12?
0
Suppose 6*a = 2*a - 60. Let o = 27 + a. What is the remainder when 23 is divided by o?
11
Let k(q) = q**2 + 8*q + 5. Let y be k(-8). Calculate the remainder when (y/(5/(-74)))/(-2) is divided by ((-3)/2)/((-6)/52).
11
Let n(j) = 2*j - 4. Let p(u) = 2*u**3 + 13*u**2 - 6*u + 9. What is the remainder when n(5) is divided by p(-7)?
0
Suppose -z = -0*z - 3. Suppose -5*d - 40 = -z*m, -2 = 3*d - 3*m + 28. Let c = d - -15. Calculate the remainder when c is divided by 6.
4
Suppose 3*r - 1 - 29 = -3*n, 0 = -r + 1. Calculate the remainder when 52 is divided by n.
7
Suppose 5*a - 2*a = 2*q + 38, -48 = -4*a + 4*q. Let k = 0 + a. Suppose k + 0 = r. Calculate the remainder when 26 is divided by r.
12
Let v(t) = -t + 19. Let d(p) = p. Calculate the remainder when v(8) is divided by d(4).
3
Let g = 8 - 6. Suppose g*v - 11 = 63. Calculate the remainder when v is divided by 19.
18
Suppose v + d = 16, v - 3*d - 2*d - 4 = 0. What is the remainder when v is divided by 5?
4
Let m(f) = f**2 + 4*f - 7. Let a be m(-6). Suppose -c - a*h = -21, -2*c + 4*h = 3*c - 18. Let u = -17 - -38. What is the remainder when u is divided by c?
3
Suppose -l - 2*p - p = -29, -85 = -5*l - 3*p. Calculate the remainder when 41 is divided by l.
13
Suppose -x + t - 6*t = -4, 2*x + t + 10 = 0. Let k(d) = d**3 + 6*d**2 + 2. What is the remainder when 4 is divided by k(x)?
0
Let l = -94 + 131. Suppose -2*z - x + 148 = 2*z, -z = -3*x - l. Calculate the remainder when z is divided by 13.
11
Let t(i) = 6*i - 10. Let f(y) = y**2 - 5*y - 4. Let h be f(3). Let j be t(h). What is the remainder when ((-4)/10)/(1/j) is divided by 10?
8
Suppose 0*f - 3*f + 33 = 0. Let n = -7 + f. Suppose 4*x = n*m + 44, x - 4*m - 17 = -0. What is the remainder when 26 is divided by x?
8
Let b(p) = -p + 2. Let m be b(5). Calculate the remainder when 38 is divided by (m - -1)/(6/(-39)).
12
Suppose 5*l = 34 + 6. What is the remainder when 26 is divided by l?
2
Suppose t = 7 - 4. Let z be (2 - -2)/(1/4). Suppose -z = -3*b - 4. Calculate the remainder when b is divided by t.
1
Suppose 3*w - 28 = -274. Let l = 181 + w. What is the remainder when l is divided by 25?
24
Calculate the remainder when 9 is divided by (-3)/(-4) - 169/(-52).
1
Let f(v) = -v**2 + 5*v + 3. Let l be f(5). Let x = l + 12. Let m(p) = -4*p + 5. What is the remainder when m(-6) is divided by x?
14
Let l = -10 + 29. Calculate the remainder when l is divided by 10.
9
Let w(y) = y**3 - 5*y**2 + 4*y + 5. Suppose 0 = -d + a, -12 = 5*d - 3*d - 5*a. Calculate the remainder when 14 is divided by w(d).
4
Let k = 182 - 130. What is the remainder when k is divided by 18?
16
Suppose -4*b + 3*b = -5. Suppose 149 + 66 = b*v. Suppose -87 = -5*q - 4*s, -4*q = q - 3*s - 66. Calculate the remainder when v is divided by q.
13
Let t(g) = -4*g**2 + 7*g - 3. Let d(k) = 2*k**2 - 3*k + 1. Let f(n) = 5*d(n) + 2*t(n). Calculate the remainder when 24 is divided by f(-2).
6
Let y = -12 + 24. Calculate the remainder when 58 is divided by y.
10
Let q = -3 - -14. Let t = -106 + 113. Calculate the remainder when q is divided by t.
4
Let a(i) = i**3 - 8*i**2 + 3. Let j be a(8). Suppose -2 + 8 = j*u. Calculate the remainder when 15 is divided by (-2)/(-4) + 15/u.
7
Let p be (23 - 2)*(0 - -1). Suppose -10*a + 11*a - p = 0. What is the remainder when a is divided by 12?
9
Suppose -6*w = -48 - 96. Calculate the remainder when 47 is divided by w.
23
Let o = -17 + 41. Suppose u = -3*u + o. Calculate the remainder when 15 is divided by u.
3
Suppose -4*m + 0*m + 24 = t, -5*m - 33 = -t. Calculate the remainder when 81 is divided by t.
25
Suppose -10*k + 6*k = -68. Calculate the remainder when 31 is divided by k.
14
Let w be -1 + 0 + -2 + 10. Let v(b) = b**3 - 7*b**2 + 3*b - 3. What is the remainder when 51 is divided by v(w)?
15
Suppose -3*k = -10*k + 525. Calculate the remainder when k is divided by 13.
10
Let p(j) = 8*j**2 + 9*j + 1. Calculate the remainder when p(4) is divided by 24.
21
Suppose -172 = -i - 2*m, -7*m = 5*i - 2*m - 860. Suppose -3*r - r = -4*v + i, 2*r = -v + 58. Calculate the remainder when v is divided by 17.
14
Let q(f) = 5*f + 1 - 12 + 1. Calculate the remainder when q(5) is divided by 8.
7
Let d be 3*(-1 + 1 + 1). Suppose 3 = -d*v + 105. What is the remainder when v is divided by 122/10 + (-3)/15?
10
Let z(g) = 2*g**2 + 6*g - 2. Let t be z(-6). Let v = -15 + 37. Let k = t - v. What is the remainder when k is divided by 7?
5
Let y = -11 + 26. Let n be ((-4)/(-8))/((-1)/12). What is the remainder when y is divided by 4/6 + (-50)/n?
6
Let x = -31 - -39. What is the remainder when x is divided by 5?
3
Suppose m + 24 = 3*o + 4*m, -4*o = 3*m - 35. What is the remainder when (-7)/49 + (-211)/(-7) is divided by o?
8
Let d(g) = 15*g - 4. Let m be d(-2). Calculate the remainder when 29 is divided by (m/4 - -3)*-2.
7
Suppose 138 - 828 = -6*q. Calculate the remainder when q is divided by 20.
15
Let q = -53 - -124. Suppose -q = -2*o - 21. Suppose h + 2*h = 39. What is the remainder when o is divided by h?
12
Suppose -m = m + 52. Let z = 43 + m. Let x = -64 + 96. What is the remainder when x is divided by z?
15
Suppose w + 25 = -4*s + 3, 0 = -2*w + 3*s + 11. Let l be ((-19)/(-2))/(w/(-4)). Let p = 45 - l. What is the remainder when p is divided by 14?
12
Let q be -17*(-3)/3*1. Let k = 55 - q. What is the remainder when k is divided by 13?
12
Suppose -241 + 81 = -5*j. Let b be 0 + -1 + 0/(-7). What is the remainder when j is divided by ((-2)/(-4))/(b/(-22))?
10
Let d(o) = o**2 - 7*o + 7. Let t(b) = -7*b + 8. Let z(j) = 20*j - 23. Let g(l) = 17*t(l) + 6*z(l). What is the remainder when d(7) is divided by g(4)?
1
Suppose -3*b - 5*p + 6 = 0, -b + 3*p - 21 = 3*b. Let l = 139 + -116. What is the remainder when l is divided by b/9 + (-19)/(-3)?
5
Suppose -4*p = 13 - 5. Let m be -3 + (-3)/(-6)*p. Calculate the remainder when (21 - m) + 1*-2 is divided by 8.
7
Suppose 3*h + 14 = -5*n, -2*h - 2*n = -7*n - 24. Suppose 2*m - 4*m = -116. What is the remainder when m is divided by 20 + (h - 2) - 0?
18
Calculate the remainder when 52 is divided by 7/1 - (-5 + (2 - -1)).
7
Suppose -18 = -6*l + 4*l. Calculate the remainder when l is divided by 2.
1
Let h(a) = 2*a**2 + 2*a + 4. Let d be h(6). Suppose -2*l + d = 2*l. What is the remainder when l is divided by 6?
4
What is the remainder when (2/(-5))/((-1)/90) i